{"id":4199,"date":"2024-07-11T15:31:49","date_gmt":"2024-07-11T13:31:49","guid":{"rendered":"https:\/\/www.hausbrandt.it\/prodotto\/macinato-decaffeinato\/"},"modified":"2025-10-01T14:45:45","modified_gmt":"2025-10-01T12:45:45","slug":"gemahlen-decaffeinato","status":"publish","type":"prodotto","link":"https:\/\/www.hausbrandt.it\/de\/produkt\/gemahlen-decaffeinato\/","title":{"rendered":"Gemahlen DECAFFEINATO"},"featured_media":10334,"menu_order":0,"template":"","meta":{"_acf_changed":false,"_seopress_robots_primary_cat":"","_seopress_titles_title":"Caff\u00e8 Decaffeinato Macinato 100% Arabica - Hausbrandt","_seopress_titles_desc":"Il Caff\u00e8 decaffeinato macinato 100% Arabica di Hausbrandt \u00e8 una miscela delicata di caff\u00e8 dall'aroma di mandorla, cacao e cereale, senza caffeina.","_seopress_robots_index":""},"categoria-at-home":[],"categoria-professional":[],"qualita":[],"class_list":["post-4199","prodotto","type-prodotto","status-publish","has-post-thumbnail","hentry"],"acf":[],"_links":{"self":[{"href":"https:\/\/www.hausbrandt.it\/de\/wp-json\/wp\/v2\/prodotto\/4199","targetHints":{"allow":["GET"]}}],"collection":[{"href":"https:\/\/www.hausbrandt.it\/de\/wp-json\/wp\/v2\/prodotto"}],"about":[{"href":"https:\/\/www.hausbrandt.it\/de\/wp-json\/wp\/v2\/types\/prodotto"}],"wp:featuredmedia":[{"embeddable":true,"href":"https:\/\/www.hausbrandt.it\/de\/wp-json\/wp\/v2\/media\/10334"}],"wp:attachment":[{"href":"https:\/\/www.hausbrandt.it\/de\/wp-json\/wp\/v2\/media?parent=4199"}],"wp:term":[{"taxonomy":"categoria-at-home","embeddable":true,"href":"https:\/\/www.hausbrandt.it\/de\/wp-json\/wp\/v2\/categoria-at-home?post=4199"},{"taxonomy":"categoria-professional","embeddable":true,"href":"https:\/\/www.hausbrandt.it\/de\/wp-json\/wp\/v2\/categoria-professional?post=4199"},{"taxonomy":"qualita","embeddable":true,"href":"https:\/\/www.hausbrandt.it\/de\/wp-json\/wp\/v2\/qualita?post=4199"}],"curies":[{"name":"wp","href":"https:\/\/api.w.org\/{rel}","templated":true}]}}

Caffè Decaffeinato Macinato 100% Arabica - Hausbrandt

Il Caffè decaffeinato macinato 100% Arabica di Hausbrandt è una miscela delicata di caffè dall'aroma di mandorla, cacao e cereale, senza caffeina.
